5). Calculate l(r).
3
Let d(v) = v**2 - 5*v - 1 - 1 - 2*v + 8. Calculate d(5).
-4
Let s(w) = -2*w + 4. Let p(o) be the first derivative of o**2/2 - o - 3. Let u(x) = -6*p(x) - s(x). Give u(2).
-6
Suppose -x = 2*f - 10, 5*f + 5*x = -1 + 36. Suppose f*p = 15 - 3. Let y(k) = k**3 + k + 4*k**2 - 2*k + 7*k - 10*k**2. What is y(p)?
-8
Let j(x) = x. Let a(h) = h. Let z(p) = 6*a(p) - j(p). Let u(v) = -v**3 - 3*v**2 - 3*v. Let k be u(-2). What is z(k)?
10
Let g(p) be the first derivative of p**2/2 - 7*p - 3. Calculate g(0).
-7
Let w be 8 + -1 + (-2)/(-1). Let a(i) = -4*i**3 - 3*i**2. Let v(l) = -8*l**3 - 7*l**2. Let g(d) = w*a(d) - 4*v(d). Give g(1).
-3
Suppose 0 = 4*s - 7 - 9. Let c = 1 + s. Suppose -4*l - c = -3*l. Let m(a) = a**3 + 6*a**2 + 4*a - 1. Give m(l).
4
Suppose 11 - 5 = -2*b. Let p(i) = -7 + 3 + 3*i + i**3 + 4*i**2 + i**2 - i**2. Give p(b).
-4
Let d(n) = 5 + 2 - 2 + 5 + n. Give d(-5).
5
Let v(r) = -2*r. Let s(f) = -3*f + 3. Let p(d) = s(d) - v(d). Calculate p(0).
3
Suppose z + 2*h + 0*h = -1, 5*h = -3*z + 2. Let g(x) = x**3 + z*x**3 + x + x**2 - x**3 + x**2. What is g(-1)?
-8
Let n(p) be the second derivative of 0 + 1/3*p**4 - 1/2*p**2 - 5/6*p**3 + 1/20*p**5 + 4*p. Give n(-5).
-1
Let p(g) be the first derivative of -g**3/3 - g**2 + 4*g + 1. Suppose -d - 2*d = 9. What is p(d)?
1
Suppose 4*w + 3*q = -21 - 8, q = -3. Let p(l) = -l**3 - 4*l**2 + 4*l - 4. Calculate p(w).
1
Suppose 2*x = 7*x + 5. Let q(l) be the second derivative of l**5/60 - 4*l**3/3 - 5*l. Let d(a) be the second derivative of q(a). Give d(x).
-2
Let a(d) = -d - 1. Let o(c) = 9*c + 1. Let p(f) = -4*a(f) - o(f). What is p(2)?
-7
Let c(a) = -5 + 1 - 144*a + a**2 + 147*a. Determine c(-5).
6
Let u(y) = y. Let h(j) = -j + 1. Let c(m) = h(m) + 2*u(m). What is c(2)?
3
Let m(o) = -3 + 2*o**2 - 7*o**3 - 6 + 8 + 0. What is m(1)?
-6
Let c(f) = -1. Let g(z) = 7. Let a(j) = 6*c(j) + g(j). Let r(v) = 2*v**2 - v - 2. Let m(n) = -2*a(n) - r(n). Let p = -1 - 1. Give m(p).
-10
Let n(y) = y - 2. Let w(g) = g**2 - 4*g - 5. Let q = -1 - -13. Suppose 5*a - q = 2*a. Let x be w(a). What is n(x)?
-7
Let q(f) be the second derivative of -1/20*f**5 + 0 - 1/2*f**2 - 1/2*f**3 - 1/4*f**4 + 2*f. Let r = -1 - 1. What is q(r)?
1
Let i(a) = -2*a**2 - 2*a**2 - a + 5*a**2. Let q = 3 - 3. Suppose q = 2*y - 1 + 3. What is i(y)?
2
Let m(y) = -332 + 334 + y + 0*y. Calculate m(-2).
0
Let y(q) = q**3 + q. Let j(r) = -r**2 - 8*r - 10. Let o be j(-6). Determine y(o).
10
Let u(v) = 3*v**2 - 1. Let t(m) = -10*m**2 + m + 2. Let q(y) = -2*t(y) - 7*u(y). Determine q(-4).
-5
Let f(i) = 4*i**3 - i**2 - i - 1. Let m be f(-1). Let u = m - -7. Let l(a) = -3*a - a + u*a + 3*a. Calculate l(-4).
-4
Suppose -15*n = 2*n - 51. Let z(l) = 5*l + 2. Give z(n).
17
Let d(j) = 2*j + 6. Let k be (32/(-12))/(2/(-6)). Suppose 5 = -3*n + 6*n + 5*p, 4*n + k = -3*p. What is d(n)?
-4
Let q(f) be the third derivative of -f**5/15 + f**4/24 + f**3/6 + 2*f**2. Determine q(-1).
-4
Let i(r) = r**3 - 7*r**2 + 3*r. Let t be i(6). Let u be (-32)/t - (-10)/45. Let s(k) = -3 + 0*k**2 + k - k**2 + 8*k**3 + u. Determine s(1).
7
Let q(g) = 2*g**3 - 3*g**3 - g**3 - g**2 + 1. Let b be q(-1). Let k(d) = 1 - 4*d + 3*d - 1 - 1. Give k(b).
-3
Let x(h) = -h**2 + 3*h + 4. Let b(p) be the first derivative of p**2/2 - 11*p + 3. Let q be b(9). Let s = q - -6. Calculate x(s).
0
Let h(f) be the first derivative of -11*f**4/2 - f**3/3 + 1. Let b be h(-1). Suppose -5*u - b = -2*v, -3*u - 15 + 0 = -2*v. Let z(c) = 3*c - 1. Calculate z(v).
8
Let c(w) = -w + 0*w + 0*w. Suppose -x - 3*x = -2*b - 2, 2*b = x - 5. Give c(b).
3
Let k be (-248)/(-60) + (-4)/30. Let p(f) = -f**3 + 2*f**2 + 4*f + 1. Determine p(k).
-15
Let d(j) = -84 + 82 + 10*j - 4*j**2 - 3*j + 3*j**2. Calculate d(5).
8
Let k(j) be the first derivative of 1 + j - 1/4*j**4 - 5/3*j**3 - 2*j**2. Let b(o) = o**3 - 8*o**2 + 6*o + 3. Let n be b(7). What is k(n)?
1
Let n(i) = -2 + i**3 + 4*i - 2*i - 2 - 4*i**2. Suppose 0 = -2*r - 3*r + 25. Suppose k + r*m = -4*k, k + 5*m + 12 = 0. Determine n(k).
-7
Let n(d) = -d**2 - 4*d - 1. Let f(s) = -2*s**2 - 9*s - 2. Let x(t) = -3*f(t) + 5*n(t). What is x(-6)?
-5
Let v(d) = d**2 - 4*d - 5. Suppose 0 = -3*m + 2*g + 233, 0 = 4*m + g - 5*g - 316. Suppose q - 6*q = 5*a - m, 7 = a - q. Let o be a/3 - (-1)/3. Calculate v(o).
-5
Let p(f) = f**3 - 5*f**2 + 5*f - 3. Let y be p(4). Suppose 2 = i + y. Let t(o) = 2*o. What is t(i)?
2
Let y(x) be the third derivative of x**6/120 + x**5/10 + x**4/8 - 5*x**3/6 - 13*x**2. Determine y(-5).
5
Let y(s) = 2*s**2 + 3*s + 2. Let g be y(-1). Let j(d) = -4*d**2. Give j(g).
-4
Let c(t) be the third derivative of t**6/120 + t**5/60 - 4*t**3/3 + 13*t**2. Suppose 2*z + 8 = 5*k, -z + 0 - 4 = 3*k. Determine c(k).
-8
Suppose 0 = -3*m + 2 - 35. Let o(z) = -2*z + 3. Let v(a) = -4*a + 6. Let w(d) = m*o(d) + 6*v(d). Give w(6).
-9
Let o(y) be the second derivative of -y**5/20 - y**4/2 - y**3 - 3*y**2 - 3*y. Let w be o(-5). Let s(k) = -k**2 + k. What is s(w)?
-2
Let m(s) = s**3 - 8*s**2 - s - 2. Let q(n) = n**3 - 9*n**2 - n - 2. Let d(z) = 6*m(z) - 5*q(z). Let k be (2 + 0)/1 + 2. Determine d(k).
10
Let j(n) = 7*n**3 + 3*n**2 - 1. Let f be 2/1*(3 - 2). Suppose -z + 5 = -f*z. Let t(i) = -13*i**3 - 5*i**2 + 2. Let q(h) = z*j(h) - 3*t(h). Calculate q(-1).
-5
Let p(m) be the third derivative of -m**4/8 + m**3/6 - m**2. Let c(g) = -3*g + 8*g**2 - g**3 - 3*g + 8 - 2*g. Let x be c(7). Determine p(x).
-2
Let f(g) = g**3 + 2*g**2 - 5*g - 3. Let y(u) = -u - 3. Let t be y(-2). Let m be t - -3 - (-2 + -2). Suppose 2*c - 4*q + m = -0*c, c = 5*q - 3. Determine f(c).
3
Let b(k) be the first derivative of k**3/6 + 5*k**2/2 + k + 2. Let o(q) be the first derivative of b(q). Let f be (4/5)/(1/(-5)). Give o(f).
1
Let q(p) = -5*p + 3. Let h(r) = r**2 - 9*r + 2. Let c be (27/(-6))/(3/(-6)). Let m be h(c). Calculate q(m).
-7
Let u(o) be the third derivative of -o**5/60 - 3*o**3/2 + 6*o**2. Calculate u(0).
-9
Let h = 8 - 4. Suppose -5*x - 8 = -9*x. Let l(q) = -q**2 - q + 4 + x*q + 2*q. Calculate l(h).
0
Let o(a) = a - 6. Suppose 40 = -0*h - 5*h + 4*z, -16 = 2*h - 5*z. Let i = -4 - h. Determine o(i).
-2
Let y(s) be the second derivative of -s**4/12 - s**3/6 + s**2 - 2*s. Determine y(-2).
0
Let l = -16 - -6. Let z = l + 14. Let k(y) = -5 + 3*y + y - y**2 + 2*y. What is k(z)?
3
Let u = -3 + 5. Let n(r) = -3 + 3*r + 0*r**u + 0 - r**2. Let x(q) = q**2. Let p(d) = -n(d) - 3*x(d). Determine p(-3).
-6
Suppose 4*u = -4, 9 = y - 3*u - 2*u. Let g(t) = 8 - 3*t - t + 3. Let c(x) = -2*x + 5. Let r(m) = 5*c(m) - 2*g(m). Determine r(y).
-5
Let b = -8 + 12. Suppose 0 = -5*v - 5, -6*v + 9 = 3*j - 3*v. Let s(n) = 3*n**3 + 1 + 4 - 2*n - 4*n**3 + j*n**2. Determine s(b).
-3
Let s(i) = 136 - 137 - 4*i + 2*i**3 - 11*i**3 + 3*i. Let r be (-16)/20 + (-2)/10. Give s(r).
9
Let z(w) = -8*w**2 - w + 5. Let r(q) = 7*q**2 + q - 5. Let x(s) = -7*r(s) - 6*z(s). Suppose 0 = m + 4*j - 12, 0 = -m + 3*m + 5*j - 15. Give x(m).
5
Let d = -7 + 4. Let z(q) = -q - 4 + 1 - q. Let l be z(d). Let t(b) = b - 1. Give t(l).
2
Let v(t) = 10 - 3*t - 5 + 2*t. Suppose 2*x = -4*k + 10, -k = x + 2*x. Let m be ((-4)/x + 1)*1. Calculate v(m).
0
Let i(j) = -10*j + 4 - 11*j + 20*j. Determine i(4).
0
Let g be 17 - (-2)/4*4. Let v = -14 + g. Let t(q) = q**2 - 4*q + 2. Determine t(v).
7
Let i(t) = 5*t - 10. Let b(h) = h - 1. Let s(m) = -6*b(m) + i(m). Calculate s(-9).
5
Let o(x) = x**3 + 6*x**2 + 2*x + 9. Let q be 4 + 6/(-3) + 1. Suppose 3*j = q - 27. Let s = 2 + j. Determine o(s).
-3
Suppose -3*l = -5*l + 24. Suppose 0 = -5*s + 3*s + 6. Suppose 0 = -s*r + 3*j, 4*j + 0 + l = -2*r. Let h(k) = k**3 - k**2 + 2. Calculate h(r).
-10
Let f(r) = 2. Let t(a) = a - 7. Let v(u) = 9*f(u) + 2*t(u). Suppose -12 = i + 3*h, 3*i - 9 = 5*i + 3*h. Calculate v(i).
10
Suppose -1 - 3 = -r. Let n be r/(-18) - 86/18. Let x(j) = -6 + j**2 + j**3 + 2*j + 3*j + 5*j**2. What is x(n)?
-6
Let v = 6 - 4. Let g(b) = -2*b - 3*b**2 + 4*b**v - 5*b**2 + 1 + 4*b. Determine g(-1).
-5
Let b = -2 - -7. Suppose -1 = 3*w + y, -3*w + b = 5*y - y. Let j = 1 + w. Let q(k) = k**3 + k + 8. Determine q(j).
8
Let w be 3/(-12)*14/(-30). Let y(t) be the third derivative of 0*t**3 + 0*t + 0 + 1/24*t**4 + w*t**5 - t**2. Calculate y(-1).
6
Let t = 0 - 1. Let l(o) be the first derivative of -11*o**4/4 - 2*o*